uppose 2*u - 5 - 1 = 0. What is the greatest common divisor of u and 3?
3
Let z be (-2 + 0)*3/(-6). Suppose 4*p - 32 = -0*p. Calculate the highest common factor of z and p.
1
Let s(l) = 3*l**3 + 5*l - 2*l**2 + l**3 - 4*l**2 - 5*l**3. Let b be s(-7). What is the greatest common factor of b and 28?
14
Suppose 5 = -5*c - v - 25, -4*c - v = 23. Let n = 21 - 23. Let p = n - c. Calculate the highest common divisor of p and 2.
1
Let j be 16 + (-1 - (-2)/2). Let f(b) = -3*b - 2. Let o be f(-2). Suppose -8*l + o*l = -256. Calculate the greatest common factor of j and l.
16
Let x(f) = f**3 - 19*f**2 + 38*f + 17. Let z be x(17). Let m be 68/((-2)/(-1)) + 0. Calculate the highest common factor of m and z.
17
Suppose 5*i = 4*n + 139, 4*n - 2*n - 79 = -3*i. Calculate the greatest common divisor of 18 and i.
9
Let s(i) = -33*i + 3. Let o be s(-1). Calculate the highest common factor of o and 12.
12
Suppose -3 = -2*m + 3. What is the greatest common divisor of 6 and m?
3
Suppose -4*f + 3*h - 24 = -95, 13 = 2*f + 3*h. What is the highest common factor of 42 and f?
14
Let t be 1*7 + (4 - 0 - 5). Calculate the greatest common factor of t and 42.
6
Suppose v - a = -0*v + 52, 4*v = -5*a + 226. Calculate the greatest common divisor of v and 18.
18
Suppose -s + 19 - 1 = 3*t, -t - 10 = -5*s. Let d = s - -2. Calculate the highest common divisor of d and 35.
5
Suppose -i - 3 = 2*i + w, -i + 4*w = -12. Suppose 0 = -i*p - 4*p + 72. Calculate the highest common factor of p and 9.
9
Let p(y) = -3*y - 11. Let v be p(-7). What is the greatest common factor of 90 and v?
10
Suppose u + 50 + 24 = 3*a, 5*u = 3*a - 94. Calculate the highest common divisor of 161 and a.
23
Let k = 161 - -91. Calculate the highest common divisor of 28 and k.
28
Let d be 4 + (-3)/(-4 - -1). What is the greatest common divisor of 1 and d?
1
Let r be 4/6*3 - 1. Suppose -9 = -5*j + r. Let u(n) = 41*n**2 - 3*n + 2. Let g be u(j). Calculate the greatest common factor of 20 and g.
20
Let s be (-350)/(-28)*(-2)/(-1). What is the highest common factor of s and 25?
25
Let d = 302 + -131. What is the greatest common divisor of d and 19?
19
Suppose -5*n = o + o - 226, 214 = 5*n - 2*o. Let j be (-150)/(-14) - (-12)/42. What is the highest common factor of n and j?
11
Let g(c) = c**2 - 3*c - 1. Let w = -1 - 3. Let v be g(w). What is the highest common divisor of 9 and v?
9
Let x = -62 - -79. Let u be 118 - (1*-2 - -1). Calculate the highest common factor of u and x.
17
Let f = 5 - 7. Let p = f - -2. Suppose -i + 7 + 9 = p. Calculate the greatest common factor of i and 16.
16
Suppose -j + 4*v + 19 = -12, 0 = -5*v - 20. Suppose 16*t + 3*t - 2280 = 0. Calculate the greatest common divisor of j and t.
15
Let y(k) = k + 2. Let w be y(2). Suppose 0 = -3*p - 2*p - 2*l - 64, -3 = -l. Let v be 46/14 + w/p. Calculate the greatest common divisor of 1 and v.
1
Let n be (-546)/56 + 1/(-4). Let r be ((-32)/n)/((-1)/(-10)). What is the greatest common divisor of 48 and r?
16
Let j(d) = -d**3 - 5*d**2 + d + 6. Let z be j(-5). Let o be 2/(-4*(-3)/24). Calculate the highest common divisor of o and z.
1
Let y = 93 - 72. Suppose 5*n - 146 = 99. Suppose n = r - y. What is the greatest common factor of r and 10?
10
Let i be 6*(4 + -1)/(-1). Let u = -8 - i. Let q be (-1 + 2 - 101)*-1. What is the highest common divisor of u and q?
10
Let n be 4/(-1) - (5 - 3). Let k be 2/n - 2/3. Let z be (-2 + 3)/(k/(-132)). What is the highest common divisor of z and 12?
12
Suppose -75 = -r + 4*m - 31, 0 = -5*r + 2*m + 130. What is the highest common divisor of r and 60?
12
Suppose 3 = 3*b - 4*d + 4, -2*d = 5*b - 33. Suppose -11 - 4 = -b*i. Calculate the greatest common divisor of 3 and i.
3
Suppose o + 1 - 2 = 0. Let j be (-2)/((-7)/(-3) + -7 + 4). Calculate the greatest common divisor of j and o.
1
Let c(h) = -h**3 + 13*h**2 + h + 5. Let b be c(13). Calculate the greatest common divisor of 27 and b.
9
Let x(r) = -r**2 - 5*r + 3. Let l be x(-5). Let w be (l - 1)/(2/7). Let h(q) = -q + 10. Let o be h(w). What is the greatest common factor of 33 and o?
3
Let h be (0 - 35)*4/(-5). Let g be 0*((-3)/(-6) + -1). Suppose -2*f + 12 = f - 2*m, g = f - 2*m - 4. Calculate the greatest common divisor of f and h.
4
Let u(n) = -n - 1. Let x(v) = -v - 1. Let q(c) = 6*u(c) - 3*x(c). Let m be q(-4). What is the greatest common factor of m and 27?
9
Let z be (4/(-10))/(6/90*-6). Let v be 2/3 + (-28)/(-3). What is the greatest common divisor of z and v?
1
Let t = 224 - 125. What is the highest common divisor of t and 9?
9
Let h(t) be the first derivative of t**4/4 - t**3/3 + t**2/2 - 26*t - 3. Let x be h(0). Let b = -10 - x. Calculate the highest common divisor of b and 8.
8
Let w = -7 - -4. Let f be 0/w*1 - -75. Calculate the highest common divisor of 30 and f.
15
Let k be 1 - (-2 + -2*5). Let z be 8/2 - 1 - (-60 + -2). Calculate the greatest common factor of k and z.
13
Let d be 8*((-81)/(-12))/3. Let b be d/14 - 10/35. Let g be 21 + (0/(-1))/b. Calculate the highest common factor of 21 and g.
21
Let m = 81 + -4. Calculate the highest common factor of 11 and m.
11
Let v = 12 + -9. Suppose 0*a + 4*p + v = a, -2*p = -a + 7. Let w = 219 + -98. Calculate the highest common divisor of w and a.
11
Let r be 45/((-9)/(-3)) + 0. Suppose r = 5*g, 4*d - 4*g - 50 = 178. What is the greatest common divisor of d and 24?
12
Let c(k) be the third derivative of k**5/60 - k**4/8 + 5*k**3/6 - 2*k**2. Let h be c(4). What is the greatest common divisor of 9 and h?
9
Let v = -3 + 7. Suppose 51 + 33 = 7*y. Calculate the highest common factor of v and y.
4
Let d be -3 + 1 + 3 + 2. Calculate the highest common divisor of 21 and d.
3
Let l(f) be the third derivative of 17*f**6/120 - 6*f**2. Let u be l(1). What is the highest common factor of 68 and u?
17
Let n(p) = -3*p - 5. Let z be n(-6). Suppose -3*c + 110 + 163 = 0. What is the highest common factor of z and c?
13
Let l(t) = t**2 + 3*t + 4. Let r be 1 + 2 + (3 - 3). Suppose -o + 12 = 5*k, -6*k + k + 24 = -r*o. Let m be l(o). What is the greatest common divisor of m and 4?
4
Suppose 2*k + 4*q - 50 = -3*k, 4*q = 3*k - 62. Suppose 49 - 259 = -5*d. What is the highest common factor of d and k?
14
Let v(h) = h**3 + 11*h**2 - 11*h + 15. Let t be v(-12). Suppose 3 = -t*x + 12. Suppose -k + 13 + x = 0. Calculate the greatest common divisor of k and 32.
16
Suppose -y + 29 = 5*s, 5*y - 5*s - 48 = 67. Let j = y - 9. Calculate the greatest common factor of 120 and j.
15
Suppose 4*v + 80 = 6*v. What is the greatest common factor of v and 16?
8
Suppose 2*m - 51 = 3*p, 5*m + 2*p - 43 - 37 = 0. What is the greatest common divisor of m and 2?
2
Suppose -3*o = -3*x, 4*o = -2*x + 3*x + 15. Calculate the greatest common factor of o and 40.
5
Let y be (-1)/(-1*(-1)/(-7)). Suppose 5*n = -2*w + 17, -4*w - n = 4*n - 19. Calculate the greatest common factor of w and y.
1
Suppose -2*q = -3*q - 4. Let n be (2/q)/((-1)/6). Suppose 0 = n*l + 5*j + 8, -4*l + j + 11 = -9. Calculate the highest common divisor of 4 and l.
4
Let d(j) = 4*j**3 + j**2 - 3*j + 1. Let x be d(2). Suppose -2*q = -q - 4, 0 = -3*l + 5*q - 71. Let f = l + x. Calculate the highest common divisor of f and 56.
14
Let n(o) = o**3 + 3*o**2 + o. Let f be n(-2). Let k = 55 + -95. Let j be (f/(-4))/(2/k). What is the highest common divisor of j and 110?
10
Let x(s) = 12*s - 8. Let d be x(3). What is the greatest common divisor of 14 and d?
14
Suppose 5*z - 29 = 36. Calculate the greatest common factor of z and 91.
13
Let n(f) = f**3 - 5*f**2 + 5*f. Let w be n(4). Let m(q) = -q**3 + 6*q**2 + 4*q - 4. Let v be m(4). Calculate the greatest common factor of v and w.
4
Suppose -5*y = -20 - 35. Suppose -2*z + 108 = -5*g, -z + 21 = 5*g - 3. Calculate the greatest common divisor of z and y.
11
Suppose -f - 13 = 3*k, -2*k - 14 = 3*f - 5*f. Let j = k + 9. Suppose o = -j*g + 2*o + 15, 4*o - 40 = -4*g. What is the greatest common factor of g and 45?
5
Let t(k) = k**2 - 8*k + 9. Let v be t(7). Suppose -6*u + v*u = -40. Let z = u - -1. What is the highest common factor of z and 22?
11
Let o = -52 + 76. Calculate the highest common factor of o and 60.
12
Let c(x) = 3*x**2. Let g be c(1). Suppose 3*z + 4*o = 4*z - 20, 4*o = -20. Suppose z = -0*y + g*y - 30. What is the greatest common divisor of y and 2?
2
Let u =